 + 126*n - 13*n. Give c(-24).
6
Let i(f) = 5*f**2 + 14*f - 24. Suppose -99*p - 68 + 266 = 0. What is i(p)?
24
Let n(z) = 85*z + 6. Let k(l) = 103*l + 6. Let r(f) = 4*k(f) - 5*n(f). Give r(6).
-84
Let y(r) = -r**2 + 2*r + 7. Let j be (0 - (-8)/(-7))/(9/(-63)). Let w be ((-7 - -4) + j)*1. Give y(w).
-8
Let s(g) = g**2 - 2*g - 4. Suppose 0 = 4*i - 2*t + 6, 6*t - 6 = 4*t. Suppose 0 = 6*l - i*l + 84. Let x = -11 - l. What is s(x)?
-1
Let v(t) = -3. Suppose -5*n - 4*z + 18 = 0, 0*n - 4*n = 4*z - 16. Let p(c) = -2*c + 8. Let u(k) = n*v(k) + p(k). Give u(-3).
8
Let q(z) = 7*z**2 + 32*z + 10. Let x(t) = -14*t**2 - 69*t - 22. Let w(g) = -13*q(g) - 6*x(g). Let o be ((-3)/(-6))/(1/(-4)). Give w(o).
-22
Let i(l) = -26*l**3 - 4*l**2 + 7*l - 7. Let p(j) = 43*j**3 + 5*j**2 - 14*j + 14. Let o(n) = -5*i(n) - 3*p(n). Calculate o(-3).
-10
Let x(p) be the third derivative of -p**4/24 - p**3/6 - 20464*p**2. Let m(k) = k**2 + 3*k - 3. Let d be m(-3). Determine x(d).
2
Let i(h) = 3*h**3 + 14*h**2 - 84*h - 20. Let s(v) = 4*v**3 + 14*v**2 - 102*v - 18. Let g(p) = -5*i(p) + 4*s(p). Calculate g(13).
15
Let m(v) = v**3 - 57*v**2 - 1083*v + 202. Let g be m(72). Let w(x) = x**3 + 13*x**2 - 12*x - 32. Determine w(g).
-60
Let b(z) = -z - 10. Let q = -1990 - -1973. Give b(q).
7
Let c = 118 - 100. Let q(w) = 13 + 27*w - 9 - c*w. What is q(-4)?
-32
Let z(w) = 34*w**3 + 4*w**2 - 159*w**3 + 4 + 38*w**3 + 41*w**3 - 4*w + 43*w**3. Let a be z(2). Let c(l) = l**2 + 12*l - 15. Calculate c(a).
-15
Let r(j) = -j**3 - 26*j**2 + 30*j + 81. Let z be r(-27). Suppose 2*u + 21 + 1 = z. Let x(y) = y**3 + 10*y**2 - 13*y - 11. Calculate x(u).
11
Let m(v) be the first derivative of v**2/2 + 10*v - 1153. Give m(-2).
8
Let d(q) = 4*q + 32*q**3 - q**2 - 3*q + 2*q**2 + 1. Let j be 4*(-20)/50*(43/(-8) - -6). Calculate d(j).
-31
Let c(x) = x**3 - 2*x**2 + 5*x + 16. Let h(z) = -z**3 + 8*z**2 + 19*z - 86. Let o be h(9). What is c(o)?
68
Let f(u) = -12146*u**2 + 12151*u**2 - 11*u + u**3 - 3*u. Determine f(-6).
48
Suppose 3*b + 0*r - 350 = -2*r, 2*b + 3*r - 240 = 0. Let o(x) = -33 + x + b - 35 - 40. Let l = -10 + 4. Give o(l).
0
Let h(l) = -2*l + 1. Suppose 3*p - 4*p - 30 = 0. Let i be (p/24)/((-4)/(-16)). Give h(i).
11
Let u = 5482 + -5477. Let x(k) be the second derivative of -5*k**3/6 - 7*k**2/2 + k. Let a(c) = -4*c - 6. Let t(y) = u*x(y) - 6*a(y). What is t(-5)?
6
Let g(r) = -r + 15. Let v be g(18). Let f be -9*(-5)/15 - v. Let y(b) = 21*b - 2. Let k(i) = 10*i - 1. Let d(h) = f*y(h) - 13*k(h). What is d(-4)?
17
Suppose -5*i + 3*c - 24 = 0, 40 = -5*i - c - 4*c. Let o(y) = y**2 + 7*y + 23. Determine o(i).
17
Let d(y) = -2*y**3 + 16*y**2 - 7*y - 5. Let q(a) = 4*a**3 - 31*a**2 + 15*a + 10. Let v(n) = -7*d(n) - 4*q(n). Determine v(5).
-10
Let j be 1513/(-119) + 13 + 57/21. Let x(w) = -w**3 + 4*w**2 - 13. Give x(j).
-4
Let p(b) = 7*b + 0*b**2 + 4*b + 2 - 7*b + b**2. Suppose 5*k + 3*h = 7, -4*k + h + 7 = -k. Let q be 70/28*((-2)/(-5) - k). Give p(q).
2
Let r(p) = -21*p**2 - 2*p + 1. Let i(a) = 4*a**3 - a**2 - 9*a + 19. Let l be i(2). Suppose -21*j - l = -50*j. Calculate r(j).
-22
Let c(w) = 2*w**2 + 4*w - 4. Let g(t) = t**3 - 7*t**2 - 11*t - 13. Let k be g(-6). Let s = k - -411. Give c(s).
12
Let m(w) = -3*w**2 - 5*w - 3. Let j = -857 - -852. Let d be (-20)/j + -9*(-4 - -5). What is m(d)?
-53
Suppose -23 = 3*a - 20. Let s be (-5)/a - 8*28/32. Let i(v) = v**3 + 4*v**2. Determine i(s).
8
Let r(x) be the second derivative of -25*x**3/6 - 3*x**2/2 - 112*x - 4. Determine r(3).
-78
Let p(j) be the third derivative of 5*j**4/12 + 4*j**3 - j**2 - 378*j - 2. Calculate p(-2).
4
Let a(l) = 21*l - 522. Let i = 1334 + -1309. Determine a(i).
3
Suppose 2*p = 5*p - 6. Let i(v) = -15*v + 1. Suppose 16 = -5*y - 4*x - 10, -2*y - 4*x = 20. Let d(n) = 7*n - 1. Let q(z) = y*i(z) - 5*d(z). Calculate q(p).
-7
Let q(j) = -5*j**2 + 140 - 145 - 17*j + j**2. Let w(b) = -b**2 - 2*b - 2. Let u(g) = -q(g) + 5*w(g). What is u(8)?
-13
Let x(n) = 2*n**3 + 2*n - 1. Let r(c) = 3*c - 24. Suppose 2*a - 31 = -13. Let i be r(a). Suppose -1 - 2 = -i*l. What is x(l)?
3
Let p be ((-3)/2 - 0)/((-33)/(-22)). Let z(d) = 6*d**2. What is z(p)?
6
Let o(n) = 5*n**2 + n. Let w(f) = -11*f**2 - 2*f. Let m(k) = 9*o(k) + 4*w(k). Let x = 214 + -213. Suppose -5*u - h - 16 = -21, 3*u + h = x. Determine m(u).
6
Let p be 1 + -3 + (4 - -3). Suppose p*c + 8*g - 15 = 3*g, -4*g = -c + 8. Let t(z) = 8 + 16*z**2 - c - 15*z**2. Calculate t(0).
4
Let f(v) = -v + 19. Let r(o) be the first derivative of -3*o**2 + 19*o - 20. Let p be r(-4). Suppose p*g = 46*g - 30. Determine f(g).
9
Let x = -31140 - -31147. Let n(g) = g**2 + 8*g - 79. Calculate n(x).
26
Let d = -5 - -5. Let g be -4 + ((-130)/(-22) - 3/(-33)). Let i(b) = 3 - b**g + d*b - 6*b + 7*b - 3*b. What is i(3)?
-12
Let i(g) = 24*g - 79 - 28*g - 26*g + 32*g. What is i(12)?
-55
Let r(q) be the third derivative of -q**5/60 + 3*q**3/2 - 976*q**2. Give r(4).
-7
Let t(u) = 12*u**3 + u**2 - u + 1. Let n be (1 - 1 - -2) + 1 + 4. Let c = n - 7. Let b(r) = r + 1. Let o be b(c). Give t(o).
13
Let z = -376 + 418. Let c(s) = 37*s**2 + z + 0*s - 41 - s + 2*s**2. What is c(1)?
39
Let f(b) = 23*b**2 + 23*b. Let c(y) = 17*y**2 + 23*y + 2. Let g(t) = 4*c(t) - 3*f(t). What is g(19)?
84
Let s(y) be the third derivative of -y**5/15 + y**4/24 - 7*y**2. Let d(k) = -42*k - 101. Let l be d(-3). Suppose 5*u = l, 3*h = -u - u + 16. Give s(h).
-14
Let o = -320740 - -320746. Let f(i) be the first derivative of i**3/3 - 5*i**2/2 + 5*i - 1. Give f(o).
11
Let j(i) = i - 12. Let a be 8 - 0 - (98 - 22). Let b be 8/a - (-600)/(-102). What is j(b)?
-18
Let s(o) = 2*o + 1. Suppose -3 + 8 = -5*k + 5*f, 3*k + 4*f - 32 = 0. Suppose -k*c = -3*y - 66, 4*c - y - y - 64 = 0. Suppose 0 = -3*d - 9 + c. Determine s(d).
5
Let m(j) be the first derivative of j**3/3 - 5*j**2/2 - j + 1. Suppose 26*k = 6*k + 7460. Let t = k - 369. Calculate m(t).
-5
Suppose 973 = -108*u + 1189. Let z(o) be the third derivative of 5*o**4/24 - 7*o**3/6 - o**2. Determine z(u).
3
Let m(t) = t**3 + 6*t**2 - 3*t - 10. Suppose 0 = -704*v + 706*v + 668. Let u = 328 + v. Determine m(u).
8
Suppose -j = -2*y - 9, 2*y - 18 = -3*j + 5*y. Let h(g) be the second derivative of -g**5/20 + g**4/6 + g**3/3 + g**2/2 - 2755*g. Give h(j).
-2
Let i be 38/14 - (-28)/98. Let m(q) = 0*q - 909 - q**i + q + 907. Calculate m(2).
-8
Let j(n) = n**3 + 31*n**2 + 13*n + 410. Let c be j(-31). Let v(h) be the first derivative of -c*h - 24 + 1/2*h**2. What is v(0)?
-7
Let y be (-3)/((-3)/10) - 2. Suppose -211*d + 1808 = 15*d. Suppose -y*l - d = -9*l. Let b(v) = -v**2 + 9*v - 5. Give b(l).
3
Let u(j) = -17*j**3 + 10*j**2 + 71. Let r(b) = -10*b**3 + 6*b**2 + 36. Let o(z) = 5*r(z) - 3*u(z). What is o(0)?
-33
Let j(t) = -t**2 + t + 2*t - t**2 + 1. Let n be j(3). Let b(g) = 86*g**2 + g + 17. Let y(c) = -155*c**2 - 3*c - 29. Let q(i) = 9*b(i) + 5*y(i). Give q(n).
-8
Let g be ((-4)/10)/(3/45). Let c(m) = 5 + 560*m**2 - 279*m**2 - 3*m - 282*m**2. Determine c(g).
-13
Let c(a) = a - 3. Let j(l) = 2 + 5 + 5 - 2*l - 4. Let q(s) = -7*c(s) - 2*j(s). Suppose -42*r + 185 = -67. Calculate q(r).
-13
Let n be 1 - 2 - (-3 - -6). Let y(a) = 1 - 2*a + 0*a**2 + 0*a - a**2 + 0. Calculate y(n).
-7
Let d be (-72)/(-15) + -4 - 114/30. Let g(r) be the third derivative of 0*r + 0*r**3 + 16*r**2 + 0 - 1/24*r**4. What is g(d)?
3
Let h(y) = y**2 - 10*y - 4. Let q(p) = 6*p + 286. Suppose 2*x - 15*x - 598 = 0. Let s be q(x). Give h(s).
-4
Let v(u) be the first derivative of -5*u**2/2 + 5*u - 53. Let c(f) = 11*f - 12. Let m(n) = 3*c(n) + 7*v(n). Determine m(-7).
13
Let y(w) be the third derivative of -w**6/120 + w**5/15 + 11*w**4/24 + w**3/2 + 1250*w**2. Calculate y(6).
-3
Suppose 6 = 2*d, -3*y = -2*d - d + 24. Let p(l) = 6*l - 9*l - 2*l**2 + l - 10*l. Calculate p(y).
10
Suppose -2*y = 3*b - 28, 4*y = -5*b + 64 - 22. Let k(q) be the first derivative of -14 - 1/2*q**2 - b*q. Give k(-10).
-4
Suppose 17 = 40*h - 1023. Let y(q) = q**2 - 26*q + 26. Calculate y(h).
26
Let n = 4743 + -4753. Let p(q) be the first derivative of -q**2/2 - 3*q + 2. Give p(n).
7
Let b(t) = -1541 + 776 + 2*t**2 + 7*t + 769. Give b(-4).
8
Let j(f) = 0 + 1 + 2 + 36394*f - 2 - 36401*f. What is j(-3)?
22
Let y(x) = -x**3 + 2*x**2 + x - 21. Let o = -4119 + 4119. What is y(o)?
-21
Let m(g) =